 units digit of p?
4
What is the thousands digit of ((-15)/(135/(-34002)))/2?
1
Let x(k) = k**3 + 12*k**2 - 10*k - 19. What is the hundreds digit of x(-12)?
1
Suppose -4*p = -5*a - 2*p - 33, -4 = 4*p. Let d(q) = q**3 + q**2 + 3*q + 1. Let v be d(-2). Let f = a - v. What is the units digit of f?
2
Let x = 961 + -691. What is the hundreds digit of x?
2
Let l(o) = o**3 + 6*o**2 - 24*o - 68. Let b be l(-7). Suppose 3*u = 12, 0 = 4*n - u - 3*u + 8. What is the units digit of -2*(b/(-6) - n)?
1
Suppose 5*l = -6*l + 11. What is the units digit of (l/4)/((-5)/(-380) + 0)?
9
Let y = -65 + 67. Suppose y*h = -74 + 106. What is the units digit of h?
6
Let r be (14/(-21))/((-4)/126). Let y = -31 + r. Let l(a) = a**2 + 11*a + 11. What is the units digit of l(y)?
1
Let a(w) = 2*w - 5. Let x be a(4). Let j(q) = -3*q. Let o be j(x). What is the tens digit of 30/(o/(-3)) - -2?
1
What is the tens digit of 799 - ((-5)/15 + (-2)/(-6))?
9
Suppose 5*z = -4*q - 2, 1 = -0*q + q + 2*z. Let o(g) = -6*g**3 - 3*g**2 + 5*g + 3. What is the hundreds digit of o(q)?
1
Suppose q + 25 = -5*g, g + g + 2*q + 2 = 0. Let d(o) = -2*o**3 - 7*o**2 - 7*o - 3. What is the units digit of d(g)?
9
Suppose -6399 = -3*y + 3*o, 8*o - 4266 = -2*y + 5*o. What is the hundreds digit of y?
1
Let z be 0 + 10 + (-6)/3. Suppose -7*s = -z*s + 129. What is the units digit of s?
9
Let i(l) = -9*l - 12*l - 9*l**2 + 13*l - 13 + l**3. Let o be i(10). Suppose x - 18 + o = 0. What is the units digit of x?
1
Suppose -4*c = -3*b - 136 - 12, -c + 136 = -3*b. Let f = 72 + b. What is the units digit of f + -2 + 3 + 2?
1
Let w(g) = 0 - 4 + 13 - 7 + 2*g. Suppose 0 = -y - 6 + 15. What is the tens digit of w(y)?
2
Let y(v) = 547*v**3 + 2*v**2 - 3*v + 1. What is the hundreds digit of y(1)?
5
Let t(s) = 5*s**3 - 5*s - 6. Let x(i) = 6*i**3 - i**2 - 6*i - 5. Let j(z) = -7*t(z) + 6*x(z). Let p be j(8). What is the tens digit of p/6 + 1*4?
2
Let g = 1 - -9. Suppose 5 + g = 3*x. Suppose 2*f - 104 = -4*o, -3*f - 62 - 68 = -x*o. What is the units digit of o?
6
What is the thousands digit of ((-9)/(-15) - (-884)/10)*42?
3
Let c = 26 - 8. Let a be ((-68)/(-51))/(8/c). Suppose a*m + 24 = 117. What is the tens digit of m?
3
Let x(v) = 43*v + 4. What is the hundreds digit of x(17)?
7
Let h(z) = -z**2 - 3*z + 4. Let x be h(-3). Let u(f) = 5*f - 4*f**3 - 2*f**2 + 3*f**3 + x - 2. What is the units digit of u(-4)?
4
Suppose 20*d - 1484 = 16*d. Let j = 618 - d. What is the tens digit of j?
4
Let o = 15 - 10. Suppose o*c = -4*d + 279, -14 = -c - 2*d + 43. What is the tens digit of c?
5
What is the tens digit of (21 - 51)*(-4)/(16/90)?
7
What is the thousands digit of (-9)/((-45)/23840) - 3?
4
Suppose 13 = 3*t + 28. Let q(m) = -3*m**3 - 13*m**2 - 6*m - 10. What is the tens digit of q(t)?
7
Suppose -12*m + 11*m + 3 = 0. Suppose -4*q - 13 = m*u - 4*u, 4*q + 3 = -u. Suppose -t + 2*r - u*r = -9, -2*t + 2*r = -2. What is the units digit of t?
3
Let f(q) = -101*q**3 - 4*q**2 - 5*q - 5. Let g be f(-2). Let h = -552 + g. What is the hundreds digit of h?
2
What is the hundreds digit of 127 + -123 + (-1 - -1284)?
2
Let x(m) = -9*m**2 - 2*m + 5. Let r be x(-3). Let a = r - -133. What is the tens digit of a?
6
Suppose -341 = 14*d - 7019. What is the hundreds digit of d?
4
Let q(i) = 2*i**3 + 2*i**2 - 3*i - 9. Let b be q(5). Suppose -4*z + 2*h + b = -h, -3*z + h + 212 = 0. Suppose 8*r - 4*r - z = 0. What is the tens digit of r?
1
Suppose y - 5*w - 10 = -0*w, 2*w - 32 = -2*y. Suppose -q + y = u - 16, 9 = -3*q. What is the units digit of u?
4
Let l(q) = q + 1. Let y be (2/(-8))/((-8)/416). Let p = y + -11. What is the units digit of l(p)?
3
Suppose -5*y - 89 = -34. Let q(m) = m**3 + 12*m**2 + 7*m - 10. What is the tens digit of q(y)?
3
Suppose -5 = -7*t + 30. Suppose 0*j - 4*j + 3*g + 174 = 0, -t*g - 52 = -j. What is the tens digit of j?
4
Let v(k) = k**2 - k. Let c be v(3). Let z = 6 + c. What is the tens digit of 123/z - (-4)/(-16)?
1
Let z(h) be the third derivative of h**5/60 + h**4/3 + 4*h**3 - 8*h**2. Let w be z(-7). Suppose -5*b - w = -92. What is the units digit of b?
5
Let k(g) = 2*g**2 + 5*g - 31. Suppose 0*b + 2*b - 2*v = -24, 4*b + 2*v + 18 = 0. What is the units digit of k(b)?
2
Let t(o) = -15*o - 16. Let u be t(-13). Let n = -106 + u. Suppose -57 = -5*m + n. What is the units digit of m?
6
Suppose 0 = -0*k + k - 12. Let h(i) = -6*i + k*i - 12 + i**2 + 5*i + 0*i**2. What is the units digit of h(-14)?
0
Let l(k) = k + 5. Let j be l(-8). What is the units digit of (-60)/j + 4 + 1?
5
Let b = 2769 + -1637. What is the units digit of b?
2
Let a(j) = -j**3 + 8*j**2 - 6*j + 1. Let f(d) = -d**3 + 7*d**2 - 2*d - 12. Let o be f(6). Let p = o - 5. What is the units digit of a(p)?
8
Let s be ((-596)/(-6))/(6/9). Let w = -72 + s. Suppose w = 4*d - 47. What is the tens digit of d?
3
Suppose 45*d - 16656 = 10254. What is the tens digit of d?
9
Let y(l) = 3*l**2 + 3*l - 7. Let o be y(-5). Let i = o - -79. What is the units digit of i?
2
Let c(z) = -z**3 - 11*z**2 + 84*z - 69. What is the tens digit of c(-17)?
3
Let i(r) = -137*r - 50. What is the units digit of i(-4)?
8
Suppose 97*q = 92*q - d + 10580, -q + 2127 = -2*d. What is the tens digit of q?
1
Let h(t) = -4*t + 22. Let x(d) = 4*d - 22. Let g(y) = 4*h(y) + 6*x(y). What is the hundreds digit of g(25)?
1
Let w(j) = j**2 - 3*j - 13. Let g be (-4 + -2)/(-3) + -15. What is the tens digit of w(g)?
9
Let w = -370 + 1088. What is the tens digit of w?
1
Let m = 2 + -2. Suppose -4*h - 2*p = -m*p - 246, 0 = 4*h - p - 231. What is the units digit of h?
9
Suppose 0 = -5*u + 198 - 193. Let x(r) = 22*r + 3. Let d(w) = -21*w - 4. Let b(g) = 4*d(g) + 5*x(g). What is the units digit of b(u)?
5
Suppose -19 + 27 = 2*i. Suppose -x - i*x = -670. What is the tens digit of x?
3
Let b = 13515 - 9504. What is the hundreds digit of b?
0
Let v be 2/((-2)/2) + -42. Let p(o) = 4*o**2 + 3*o - 15. Let w be p(-5). Let z = v + w. What is the units digit of z?
6
Let m(s) = 11*s**2 - 1. Let i = 23 - 13. Suppose 0 = -5*x - 3*n - i, 0 = x + n + 5 - 1. What is the units digit of m(x)?
0
Let m be ((-2)/4)/(14/(-532)). Let o(p) = -p**2 + 28*p - 9. What is the tens digit of o(m)?
6
Let d(o) be the second derivative of -o**6/720 - o**4/4 - 3*o. Let v(g) be the third derivative of d(g). What is the units digit of v(-6)?
6
Let x(h) = 190*h**3 - 2*h**2 - 2*h + 1. What is the units digit of x(1)?
7
Let t = 12 - 9. Suppose -11*q + 9*q = 0. Suppose q*r - t = -r. What is the units digit of r?
3
Suppose -3*l - 10*b = -8*b - 1064, -2*l + 704 = 4*b. What is the hundreds digit of l?
3
Let t(b) = 3*b**2 + 8*b + 9. Let z(p) = p**3 - 3*p**2 - 38*p - 11. Let l be z(8). What is the units digit of t(l)?
4
Suppose -2780 = 54*d - 59*d. What is the tens digit of d?
5
Suppose -15 = -3*u + 3*m, 5*m - 15 + 38 = 4*u. Suppose x = 4*p - 127, u*p - 4*x - 66 = -6*x. What is the units digit of p?
2
Suppose -409*u = -419*u + 20000. What is the thousands digit of u?
2
Suppose 17 + 6 = z. Let j = 47 - z. What is the tens digit of j?
2
Let p be 4 - (2 + 3)/(-5). What is the hundreds digit of (1 - 9)*(258/(-12) - p)?
2
Let u = -24 - -49. Let w be (6/(-5))/((-10)/u). Suppose 5*c - 4*b = -w*b + 145, 0 = -5*c - 2*b + 145. What is the tens digit of c?
2
Let d(j) = 356*j**2 + 2*j - 2. What is the hundreds digit of d(1)?
3
Suppose -n + 759 = 29*u - 30*u, 8*u - 3048 = -4*n. What is the tens digit of n?
6
Suppose 136*f = 125*f + 54681. What is the thousands digit of f?
4
Let d(r) = 7*r - 1. Let f be d(1). Let z(g) be the first derivative of 3*g**2/2 - 8*g + 7. What is the tens digit of z(f)?
1
Suppose 7*h = -7*h + 9786. What is the hundreds digit of h?
6
Let p be (-1904)/6 - 6/9. Let x be (-1)/(3 + p/105). Suppose -j = -1 - x. What is the tens digit of j?
3
Suppose -6*n + 4*n = -84. Let j be 156/n + (-6)/(-21). Suppose -i = j*i - 205. What is the units digit of i?
1
Let l be (1 + -4)/((-3)/4 - 0). What is the tens digit of (-6)/l*(-580)/6?
4
Let q = 1720 + -1434. What is the tens digit of q?
8
Let x be 6/(-9) + (-152)/6. What is the units digit of ((-254)/(-6))/(x/(-78))?
7
Suppose -20*h + 9 = -19*h. Let f(o) = o**3 - 6*o**2 - 8*o - 10. What is the units digit of f(h)?
1
Let n(f) = f**2 + 2*f. Let c be n(-4). Let r be (3 - (1 - -2)) + c. Suppose i + 3*t - 10 = r, 20 = 5*t. What